{"id":121,"date":"2020-12-18T13:02:27","date_gmt":"2020-12-18T16:02:27","guid":{"rendered":"http:\/\/acessopontotech.com.br\/index.php\/product\/import-placeholder-for-639\/"},"modified":"2020-12-18T13:02:43","modified_gmt":"2020-12-18T16:02:43","slug":"fecho-de-embutir","status":"publish","type":"product","link":"https:\/\/acessopontotech.com.br\/index.php\/product\/fecho-de-embutir\/","title":{"rendered":"FECHO DE EMBUTIR"},"content":{"rendered":"<div id=\"area-prod\">\n<div class=\"area-prod02\"><\/div>\n<p class=\"bread-trans\"><strong>Caracter\u00edsticas<\/strong><\/p>\n<\/div>\n<p>Capa de prote\u00e7\u00e3o.<br \/>\nEletroim\u00e3 de alta resist\u00eancia.<br \/>\n2 posicionamentos de cabos.<br \/>\nSensor de porta aberta.<br \/>\nSistema de ajuste com precis\u00e3o.<\/p>\n<div><\/div>\n<div class=\"bread-trans\"><img decoding=\"async\" src=\"http:\/\/henry.com.br\/pt\/imagens\/area-fin02.jpg\" alt=\"\" border=\"0\" \/><span style=\"font-size: 14.4px;\">El\u00e9trica 600 Kgf<\/span><\/div>\n<div id=\"lista-caract-prod\">\n<p><span class=\"style3\">Tens\u00e3o:<\/span>\u00a012 V<br \/>\n<span class=\"style3\">Pot\u00eancia:iom\u00e9trico:\u00a0<\/span>3,1W.<br \/>\n<span class=\"style3\">Consumo M\u00e9dio:<\/span>260mA.<br \/>\n<strong>Mec\u00e2nica<\/strong><\/p>\n<p><span class=\"style3\">Altura:<\/span>6cm<br \/>\n<span class=\"style3\">Largura:<\/span>16cm<br \/>\n<span class=\"style3\">Comprimento:<\/span>12cm<\/p>\n<\/div>\n","protected":false},"excerpt":{"rendered":"<p><strong><span class=\"style2\">Fecho Eletromagn\u00e9tico<\/span><\/strong><\/p>\n<div id=\"desc-prod5\">\n<p>Fechaduras eletromagn\u00e9ticas para bloqueio de portas com seguran\u00e7a e tecnologia, possuem op\u00e7\u00f5es para todos os tipos de portas e podendo operar com v\u00e1rios n\u00edveis de for\u00e7as de atraque.<\/p>\n<\/div>\n","protected":false},"featured_media":161,"template":"","meta":{"_joinchat":[]},"product_cat":[20,19],"product_tag":[],"class_list":{"0":"post-121","1":"product","2":"type-product","3":"status-publish","4":"has-post-thumbnail","6":"product_cat-acessorios-controle-de-acesso","7":"product_cat-controle-de-acesso","9":"first","10":"instock","11":"shipping-taxable","12":"purchasable","13":"product-type-simple"},"_links":{"self":[{"href":"https:\/\/acessopontotech.com.br\/index.php\/wp-json\/wp\/v2\/product\/121","targetHints":{"allow":["GET"]}}],"collection":[{"href":"https:\/\/acessopontotech.com.br\/index.php\/wp-json\/wp\/v2\/product"}],"about":[{"href":"https:\/\/acessopontotech.com.br\/index.php\/wp-json\/wp\/v2\/types\/product"}],"version-history":[{"count":0,"href":"https:\/\/acessopontotech.com.br\/index.php\/wp-json\/wp\/v2\/product\/121\/revisions"}],"wp:featuredmedia":[{"embeddable":true,"href":"https:\/\/acessopontotech.com.br\/index.php\/wp-json\/wp\/v2\/media\/161"}],"wp:attachment":[{"href":"https:\/\/acessopontotech.com.br\/index.php\/wp-json\/wp\/v2\/media?parent=121"}],"wp:term":[{"taxonomy":"product_cat","embeddable":true,"href":"https:\/\/acessopontotech.com.br\/index.php\/wp-json\/wp\/v2\/product_cat?post=121"},{"taxonomy":"product_tag","embeddable":true,"href":"https:\/\/acessopontotech.com.br\/index.php\/wp-json\/wp\/v2\/product_tag?post=121"}],"curies":[{"name":"wp","href":"https:\/\/api.w.org\/{rel}","templated":true}]}}