{"id":168,"date":"2020-12-18T13:02:55","date_gmt":"2020-12-18T16:02:55","guid":{"rendered":"http:\/\/acessopontotech.com.br\/index.php\/product\/import-placeholder-for-820\/"},"modified":"2020-12-18T13:03:08","modified_gmt":"2020-12-18T16:03:08","slug":"impressora-para-crachas-datacard-sd-160","status":"publish","type":"product","link":"https:\/\/acessopontotech.com.br\/index.php\/product\/impressora-para-crachas-datacard-sd-160\/","title":{"rendered":"IMPRESSORA &#8211; PARA CRACH\u00c1S &#8211; DATACARD SD 160"},"content":{"rendered":"<div id=\"product_tabs_description_contents\">\n<div class=\"product-specs fix\">\n<p><strong>Especifica\u00e7\u00f5es:<\/strong><\/p>\n<p>Impress\u00e3o uma face (simplex), faz frente e verso manualmente<br \/>\nImpress\u00e3o Colorida e Monocrom\u00e1tica<br \/>\nCartucho de ribbon recarreg\u00e1vel e com rolete de limpeza incluso<br \/>\nBandeja de Entrada p\/ 100 cart\u00f5es e bandeja de Sa\u00edda p\/ 25 cart\u00f5es com opcional de bandeja de Entrada p\/ 200 cart\u00f5es e de Sa\u00edda p\/ 100 cart\u00f5es<br \/>\nVelocidade de 150 crach\u00e1s coloridos em pvc por hora e 500 crach\u00e1s monocrom\u00e1ticos em pvc por hora<br \/>\nPainel LCD intuitivo com controles num simples toque<br \/>\nOpcional Gravador de Tarja Magn\u00e9tica<br \/>\nRibbons de Impress\u00e3o com rendimento ideal: Colorido YMCKT, 250 impress\u00f5es; Colorido c\/ UV YMCKFT, 300 impress\u00f5es e Preto K, 500 impress\u00f5es.<\/p>\n<p><strong>Conectividade:<\/strong><br \/>\nUSB 2.0<\/p>\n<p><strong>Dimens\u00f5es:<\/strong><br \/>\n39.1 cm x 17.5 cm x 22.4 cm<\/p>\n<p><strong>Peso:<\/strong><br \/>\n3.7kg<\/p>\n<\/div>\n<\/div>\n","protected":false},"excerpt":{"rendered":"<h4 class=\"border-head\">Descri\u00e7\u00e3o R\u00e1pida<\/h4>\n<div class=\"short-description fix\">A impressora datacard sd160 \u00e9 ideal para quem busca uma solu\u00e7\u00e3o econ\u00f4mica, com \u00f3timo custo-benef\u00edcio e com qualidade de impress\u00e3o de impressora de cart\u00e3o de m\u00e9dia e alta produ\u00e7\u00e3o, mas com pre\u00e7o de impressora b\u00e1sica. Com a Datacard SD160, sua empresa ter\u00e1 a melhor solu\u00e7\u00e3o para seus crach\u00e1s de PVC, cart\u00e3o de pvc, carteira de estudante, crach\u00e1s de funcion\u00e1rio, cart\u00e3o PVC fidelidade e cart\u00e3o cliente especial, entre outros.<\/div>\n","protected":false},"featured_media":198,"template":"","meta":{"_joinchat":[]},"product_cat":[21],"product_tag":[],"class_list":{"0":"post-168","1":"product","2":"type-product","3":"status-publish","4":"has-post-thumbnail","6":"product_cat-crachas-e-identificacao","8":"first","9":"instock","10":"shipping-taxable","11":"purchasable","12":"product-type-simple"},"_links":{"self":[{"href":"https:\/\/acessopontotech.com.br\/index.php\/wp-json\/wp\/v2\/product\/168","targetHints":{"allow":["GET"]}}],"collection":[{"href":"https:\/\/acessopontotech.com.br\/index.php\/wp-json\/wp\/v2\/product"}],"about":[{"href":"https:\/\/acessopontotech.com.br\/index.php\/wp-json\/wp\/v2\/types\/product"}],"version-history":[{"count":0,"href":"https:\/\/acessopontotech.com.br\/index.php\/wp-json\/wp\/v2\/product\/168\/revisions"}],"wp:featuredmedia":[{"embeddable":true,"href":"https:\/\/acessopontotech.com.br\/index.php\/wp-json\/wp\/v2\/media\/198"}],"wp:attachment":[{"href":"https:\/\/acessopontotech.com.br\/index.php\/wp-json\/wp\/v2\/media?parent=168"}],"wp:term":[{"taxonomy":"product_cat","embeddable":true,"href":"https:\/\/acessopontotech.com.br\/index.php\/wp-json\/wp\/v2\/product_cat?post=168"},{"taxonomy":"product_tag","embeddable":true,"href":"https:\/\/acessopontotech.com.br\/index.php\/wp-json\/wp\/v2\/product_tag?post=168"}],"curies":[{"name":"wp","href":"https:\/\/api.w.org\/{rel}","templated":true}]}}