{"id":169,"date":"2020-12-18T13:02:55","date_gmt":"2020-12-18T16:02:55","guid":{"rendered":"http:\/\/acessopontotech.com.br\/index.php\/product\/import-placeholder-for-828\/"},"modified":"2020-12-18T13:03:09","modified_gmt":"2020-12-18T16:03:09","slug":"impressora-para-crachas-datacard-sd-260","status":"publish","type":"product","link":"https:\/\/acessopontotech.com.br\/index.php\/product\/impressora-para-crachas-datacard-sd-260\/","title":{"rendered":"IMPRESSORA &#8211; PARA CRACH\u00c1S &#8211; DATACARD SD 260"},"content":{"rendered":"<div id=\"product_tabs_description_contents\">\n<div class=\"product-specs fix\">\n<div id=\"product_tabs_description_contents\">\n<div class=\"product-specs fix\">\n<p><strong>Especifica\u00e7\u00f5es:<\/strong><\/p>\n<p>Impress\u00e3o uma face (simplex), faz frente e verso manualmente<br \/>\nImpress\u00e3o Colorida e Monocrom\u00e1tica<br \/>\nCartucho de ribbon recarreg\u00e1vel e com rolete de limpeza incluso<br \/>\nBandeja de Entrada p\/ 100 cart\u00f5es e bandeja de Sa\u00edda p\/ 25 cart\u00f5es com opcional de bandeja de Entrada p\/ 200 cart\u00f5es e de Sa\u00edda p\/ 100 cart\u00f5es<br \/>\nVelocidade de 200 crach\u00e1s coloridos em PVC por hora e 800 crach\u00e1s monocrom\u00e1ticos em PVC por hora<br \/>\nPainel LCD intuitivo com controles num simples toque<br \/>\nOpcional Gravador de Tarja Magn\u00e9tica<br \/>\nRibbons de Impress\u00e3o com rendimento ideal: Colorido YMCKT, 250 impress\u00f5es; Colorido YMCKT, 500 impress\u00f5es ; Colorido c\/ UV YMCKFT, 300 impress\u00f5es e Preto K, 1.500 impress\u00f5es.<\/p>\n<p><strong>Conectividade:<\/strong><br \/>\nUSB 2.0<br \/>\nEthernet<br \/>\n<strong>Dimens\u00f5es:<\/strong><br \/>\n39.1 cm x 17.5 cm x 22.4 cm<br \/>\n<strong>Peso:<\/strong><br \/>\n5.4 kg<\/p>\n<\/div>\n<\/div>\n<\/div>\n<\/div>\n","protected":false},"excerpt":{"rendered":"<h4 class=\"border-head\">Descri\u00e7\u00e3o R\u00e1pida<\/h4>\n<div class=\"short-description fix\">A impressora datacard sd260 \u00e9 uma impressora de cart\u00e3o de pvc que tem sido a mais vendida nos \u00faltimos anos, e \u00e9 campe\u00e3 de vendas no mercado brasileiro. A impressora datacard sd260 \u00e9 ideal para quem busca uma solu\u00e7\u00e3o de m\u00e9dia produ\u00e7\u00e3o, com melhor custo-benef\u00edcio e \u00f3timo custo por cart\u00e3o impresso. Com a Datacard SD260, sua empresa ter\u00e1 a melhor solu\u00e7\u00e3o para seus crach\u00e1s de PVC, cart\u00e3o de PVC, carteira de estudante, crach\u00e1s de funcion\u00e1rio, cart\u00e3o PVC fidelidade e cart\u00e3o cliente especial, entre outros. Tamb\u00e9m poder\u00e1 iniciar no segmento de Servi\u00e7o de Personaliza\u00e7\u00e3o de Crach\u00e1s em PVC pois consegue produzir a grande maioria de layouts de clientes, sem problemas.<\/div>\n","protected":false},"featured_media":202,"template":"","meta":{"_joinchat":[]},"product_cat":[21],"product_tag":[],"class_list":{"0":"post-169","1":"product","2":"type-product","3":"status-publish","4":"has-post-thumbnail","6":"product_cat-crachas-e-identificacao","8":"first","9":"instock","10":"featured","11":"shipping-taxable","12":"purchasable","13":"product-type-simple"},"_links":{"self":[{"href":"https:\/\/acessopontotech.com.br\/index.php\/wp-json\/wp\/v2\/product\/169","targetHints":{"allow":["GET"]}}],"collection":[{"href":"https:\/\/acessopontotech.com.br\/index.php\/wp-json\/wp\/v2\/product"}],"about":[{"href":"https:\/\/acessopontotech.com.br\/index.php\/wp-json\/wp\/v2\/types\/product"}],"version-history":[{"count":0,"href":"https:\/\/acessopontotech.com.br\/index.php\/wp-json\/wp\/v2\/product\/169\/revisions"}],"wp:featuredmedia":[{"embeddable":true,"href":"https:\/\/acessopontotech.com.br\/index.php\/wp-json\/wp\/v2\/media\/202"}],"wp:attachment":[{"href":"https:\/\/acessopontotech.com.br\/index.php\/wp-json\/wp\/v2\/media?parent=169"}],"wp:term":[{"taxonomy":"product_cat","embeddable":true,"href":"https:\/\/acessopontotech.com.br\/index.php\/wp-json\/wp\/v2\/product_cat?post=169"},{"taxonomy":"product_tag","embeddable":true,"href":"https:\/\/acessopontotech.com.br\/index.php\/wp-json\/wp\/v2\/product_tag?post=169"}],"curies":[{"name":"wp","href":"https:\/\/api.w.org\/{rel}","templated":true}]}}