{"id":175,"date":"2020-12-18T13:02:56","date_gmt":"2020-12-18T16:02:56","guid":{"rendered":"http:\/\/acessopontotech.com.br\/index.php\/product\/import-placeholder-for-849\/"},"modified":"2020-12-18T13:03:15","modified_gmt":"2020-12-18T16:03:15","slug":"ribbon-impressora-de-cracha-preto-para-datacard-sd260","status":"publish","type":"product","link":"https:\/\/acessopontotech.com.br\/index.php\/product\/ribbon-impressora-de-cracha-preto-para-datacard-sd260\/","title":{"rendered":"RIBBON IMPRESSORA DE CRACH\u00c1 &#8211; PRETO PARA DATACARD SD260"},"content":{"rendered":"<p>Fita de Impress\u00e3o Preto (K), 1500 impress\u00f5es<\/p>\n<p>Ribbon Datacard c\u00f3digo: 532000-053<\/p>\n<p>Compat\u00edvel com\u00a0<strong>SD260<\/strong>, <strong>SD360<\/strong>, <strong>SP35<\/strong>,<strong> SP55<\/p>\n<p><\/strong>Cartucho de Impress\u00e3o Monocrom\u00e1tico Preto, tamb\u00e9m conhecido como Fita de impress\u00e3o Preta ou Ribbon de Impress\u00e3o Preto , para impressoras Datacard <strong>SD260, SD360, SP35, SP55<\/strong>. Sua capacidade \u00e9 para 1.500 impress\u00f5es monocrom\u00e1ticas em Preto.<\/p>\n<p>Informa\u00e7\u00f5es t\u00e9cnicas:<br \/>\nNossas fitas de impress\u00e3o (ribbons) s\u00e3o originais do fabricante, e trazidas para o Brasil atrav\u00e9s de importa\u00e7\u00e3o oficial (como todos os produtos que comercializamos), e possuem 12 (doze) meses de garantia contra defeito de fabrica\u00e7\u00e3o.<\/p>\n<p>Isto resulta em impress\u00f5es com melhor qualidade e durabilidade, e consequentemente aumenta a vida \u00fatil de sua impressora Datacard<\/p>\n","protected":false},"excerpt":{"rendered":"<p>A Datacard cria, testa e fornece fitas de impress\u00e3o colorida que ajuda seus clientes a produzir cart\u00f5es de alta qualidade e de cores ricas. J\u00e1 as fitas de impress\u00e3o monocrom\u00e1tica Datacard podem oferecer resultados excepcionais para impress\u00e3o e texto b\u00e1sico. Oferecemos uma s\u00e9rie de cores convencionais, al\u00e9m de met\u00e1licos que produzem texto n\u00edtido e detalhes delicados at\u00e9 mesmo para os padr\u00f5es mais complexos.<\/p>\n","protected":false},"featured_media":209,"template":"","meta":{"_joinchat":[]},"product_cat":[21],"product_tag":[],"class_list":{"0":"post-175","1":"product","2":"type-product","3":"status-publish","4":"has-post-thumbnail","6":"product_cat-crachas-e-identificacao","8":"first","9":"instock","10":"shipping-taxable","11":"purchasable","12":"product-type-simple"},"_links":{"self":[{"href":"https:\/\/acessopontotech.com.br\/index.php\/wp-json\/wp\/v2\/product\/175","targetHints":{"allow":["GET"]}}],"collection":[{"href":"https:\/\/acessopontotech.com.br\/index.php\/wp-json\/wp\/v2\/product"}],"about":[{"href":"https:\/\/acessopontotech.com.br\/index.php\/wp-json\/wp\/v2\/types\/product"}],"version-history":[{"count":0,"href":"https:\/\/acessopontotech.com.br\/index.php\/wp-json\/wp\/v2\/product\/175\/revisions"}],"wp:featuredmedia":[{"embeddable":true,"href":"https:\/\/acessopontotech.com.br\/index.php\/wp-json\/wp\/v2\/media\/209"}],"wp:attachment":[{"href":"https:\/\/acessopontotech.com.br\/index.php\/wp-json\/wp\/v2\/media?parent=175"}],"wp:term":[{"taxonomy":"product_cat","embeddable":true,"href":"https:\/\/acessopontotech.com.br\/index.php\/wp-json\/wp\/v2\/product_cat?post=175"},{"taxonomy":"product_tag","embeddable":true,"href":"https:\/\/acessopontotech.com.br\/index.php\/wp-json\/wp\/v2\/product_tag?post=175"}],"curies":[{"name":"wp","href":"https:\/\/api.w.org\/{rel}","templated":true}]}}