{"id":264,"date":"2020-12-18T13:03:54","date_gmt":"2020-12-18T16:03:54","guid":{"rendered":"http:\/\/acessopontotech.com.br\/index.php\/product\/import-placeholder-for-8562\/"},"modified":"2022-04-06T21:31:00","modified_gmt":"2022-04-07T00:31:00","slug":"controle-de-acesso-idaccess-pro","status":"publish","type":"product","link":"https:\/\/acessopontotech.com.br\/index.php\/product\/controle-de-acesso-idaccess-pro\/","title":{"rendered":"Controle de Acesso iDAccess Pro"},"content":{"rendered":"<ul>\n<li>Display touchscreen de 3,5&#8243;<\/li>\n<li>Processador quad-core de 1,2GHz<\/li>\n<li>Comunica\u00e7\u00e3o TCP\/IP<\/li>\n<li>Identifica\u00e7\u00e3o biom\u00e9trica 1:N de at\u00e9 100.000 digitais (conforme modelo)<\/li>\n<li>Regras de acesso personalizadas por grupos e hor\u00e1rios<\/li>\n<li>M\u00f3dulo de acionamento externo com rel\u00e9<\/li>\n<\/ul>\n<h3>Controle de Acesso<\/h3>\n<ul>\n<li><strong>Quantidade de Usu\u00e1rios<\/strong>Capacidade para mais de 200.000 usu\u00e1rios<\/li>\n<li><strong>Quantidade de Digitais<\/strong>Capacidade para 6.000 \/ 10.000 \/ 50.000 \/ 100.000 digitais (conforme modelo)<\/li>\n<li><strong>Regras de Acesso<\/strong>Regras de libera\u00e7\u00e3o conforme hor\u00e1rios e departamentos<\/li>\n<li><strong>Controle de Portas<\/strong>Controle atrav\u00e9s do m\u00f3dulo de acionamento externo<\/li>\n<li><strong>Sensores e botoeira<\/strong>1 entrada de botoeira e 1 entrada para sensor de porta aberta<\/li>\n<li><strong>Rel\u00e9s de Sa\u00edda<\/strong>1 rel\u00e9 interno ao m\u00f3dulo de acionamento de at\u00e9 220VAC\/5A<\/li>\n<li><strong>Entrada Wiegand<\/strong>1 porta nativa<\/li>\n<li><strong>Sa\u00edda Wiegand<\/strong>1 porta nativa<\/li>\n<\/ul>\n<h3>Comunica\u00e7\u00e3o<\/h3>\n<ul>\n<li><strong>Ethernet<\/strong>1 porta Ethernet 10\/100Mbps nativa<\/li>\n<li><strong>USB<\/strong>1 porta USB Host 2.0<\/li>\n<li><strong>RS-485<\/strong>1 porta RS-485 para comunica\u00e7\u00e3o entre o m\u00f3dulo de acionamento externo e o terminal<\/li>\n<li><strong>GPRS<\/strong>M\u00f3dulo de conex\u00e3o via GPRS\u00a0<i>(opcional)<\/i><\/li>\n<li><strong>Wi-Fi<\/strong>M\u00f3dulo de conex\u00e3o via Wi-Fi\u00a0<i>(opcional)<\/i><\/li>\n<\/ul>\n<h3>Forma de Identifica\u00e7\u00e3o<\/h3>\n<ul>\n<li><strong>Leitor Biom\u00e9trico<\/strong>Leitor de impress\u00e3o digital \u00f3ptico de 500 DPI<\/li>\n<li><strong>Cart\u00f5es de Proximidade<\/strong>Tecnologias MIFARE\u2122 ou 125kHz ASK<\/li>\n<li><strong>Senha<\/strong>Identifica\u00e7\u00e3o de usu\u00e1rio atrav\u00e9s de senha num\u00e9rica<\/li>\n<\/ul>\n<h3>Interface de Usu\u00e1rio<\/h3>\n<ul>\n<li><strong>Tela LCD Touchscreen<\/strong>Display LCD TFT colorido de 3,5&#8243; (320&#215;480) com tela resistiva sens\u00edvel ao toque<\/li>\n<li><strong>Software Web Integrado<\/strong>Software completo de gerenciamento de controle de acesso via browser<\/li>\n<\/ul>\n<h3>Caracter\u00edsticas Gerais<\/h3>\n<ul>\n<li><strong>Dimens\u00f5es Terminal<\/strong>81,2mm x 51,8mm x 184mm (L x P x A)<\/li>\n<li><strong>Dimens\u00f5es M\u00f3dulo de Acionamento<\/strong>52mm x 52mm x 22mm (L x P x A)<\/li>\n<li><strong>Peso l\u00edquido (equipamento)<\/strong>219 g<\/li>\n<li><strong>Peso l\u00edquido (m\u00f3dulo de acionamento)<\/strong>40 g<\/li>\n<li><strong>Peso embalado<\/strong>342 g<\/li>\n<li><strong>Alimenta\u00e7\u00e3o<\/strong>Fonte externa de 12V\u00a0<i>(n\u00e3o inclusa)<\/i><\/li>\n<li><strong>Consumo<\/strong>1,92W (160mA) nominal<\/li>\n<\/ul>\n","protected":false},"excerpt":{"rendered":"<p>Com um design moderno e inovador, o iDAccess Pro \u00e9 o equipamento ideal para monitorar e controlar a entrada e sa\u00edda de pessoas em ambientes corporativos que demandam alta performance. Seu processador quad-core de 1,2 GHz garante a identifica\u00e7\u00e3o de at\u00e9 100.000 digitais 1:N no modo stand-alone (conforme modelo). Al\u00e9m disso, o dispositivo conta com um display touchscreen de 3,5\u201d e um software web embarcado que facilitam a gest\u00e3o das regras de acesso, sem a necessidade de uma aplica\u00e7\u00e3o externa.<\/p>\n","protected":false},"featured_media":308,"template":"","meta":{"_joinchat":[]},"product_cat":[19,26],"product_tag":[],"class_list":{"0":"post-264","1":"product","2":"type-product","3":"status-publish","4":"has-post-thumbnail","6":"product_cat-controle-de-acesso","7":"product_cat-fechaduras-eletronicas","9":"first","10":"instock","11":"shipping-taxable","12":"purchasable","13":"product-type-simple"},"_links":{"self":[{"href":"https:\/\/acessopontotech.com.br\/index.php\/wp-json\/wp\/v2\/product\/264","targetHints":{"allow":["GET"]}}],"collection":[{"href":"https:\/\/acessopontotech.com.br\/index.php\/wp-json\/wp\/v2\/product"}],"about":[{"href":"https:\/\/acessopontotech.com.br\/index.php\/wp-json\/wp\/v2\/types\/product"}],"version-history":[{"count":1,"href":"https:\/\/acessopontotech.com.br\/index.php\/wp-json\/wp\/v2\/product\/264\/revisions"}],"predecessor-version":[{"id":7122,"href":"https:\/\/acessopontotech.com.br\/index.php\/wp-json\/wp\/v2\/product\/264\/revisions\/7122"}],"wp:featuredmedia":[{"embeddable":true,"href":"https:\/\/acessopontotech.com.br\/index.php\/wp-json\/wp\/v2\/media\/308"}],"wp:attachment":[{"href":"https:\/\/acessopontotech.com.br\/index.php\/wp-json\/wp\/v2\/media?parent=264"}],"wp:term":[{"taxonomy":"product_cat","embeddable":true,"href":"https:\/\/acessopontotech.com.br\/index.php\/wp-json\/wp\/v2\/product_cat?post=264"},{"taxonomy":"product_tag","embeddable":true,"href":"https:\/\/acessopontotech.com.br\/index.php\/wp-json\/wp\/v2\/product_tag?post=264"}],"curies":[{"name":"wp","href":"https:\/\/api.w.org\/{rel}","templated":true}]}}