{"id":296,"date":"2020-12-18T13:04:21","date_gmt":"2020-12-18T16:04:21","guid":{"rendered":"http:\/\/acessopontotech.com.br\/index.php\/product\/import-placeholder-for-8585\/"},"modified":"2020-12-18T13:05:10","modified_gmt":"2020-12-18T16:05:10","slug":"dgate-sw-digicon","status":"publish","type":"product","link":"https:\/\/acessopontotech.com.br\/index.php\/product\/dgate-sw-digicon\/","title":{"rendered":"dGate SW &#8211; Digicon"},"content":{"rendered":"<h3 id=\"feature-title-0\" class=\"feature-title\">Caracter\u00edsticas<\/h3>\n<div class=\"conteudo\">\n<p>\u2013 Gabinete em a\u00e7o inox escovado AISI 304 feito com placa de 0,079 polegadas (2 mm).<br \/>\n\u2013 Portas do tipo swing gate em acr\u00edlico ou policarbonato de 0,47 polegadas (12 mm) de<br \/>\nespessura.<br \/>\n\u2013 Portas laterais internas com fechadura e chave, facilitam o acesso para manuten\u00e7\u00e3o e<br \/>\nconfigura\u00e7\u00e3o.<br \/>\n\u2013 Um microcomputador dedicado controla a acelera\u00e7\u00e3o e a desacelera\u00e7\u00e3o do movimento<br \/>\ndas portas, otimizando o fluxo.<br \/>\n\u2013 Motor silencioso de alto rendimento dPower.<br \/>\n\u2013 Retroalimenta\u00e7\u00e3o proporciona posicionamento preciso.<br \/>\n\u2013 Indicadores de alarme visual e sonoro.<br \/>\n\u2013 Sistema de seguran\u00e7a portas sem tens\u00e3o quando detectado um obst\u00e1culo.<br \/>\n\u2013 Detec\u00e7\u00e3o antifraude com alarme sonoro para acesso n\u00e3o autorizado.<br \/>\n\u2013 Controle de dire\u00e7\u00e3o que permite acesso bidirecional.<br \/>\n\u2013 Fun\u00e7\u00e3o antip\u00e2nico: em caso de emerg\u00eancia (sem alimenta\u00e7\u00e3o), as portas permanecem<br \/>\nsem tens\u00e3o para garantir fluxo livre a todos os usu\u00e1rios.<br \/>\n\u2013 Amplo espa\u00e7o interno para integrar controladores de acesso.<br \/>\n\u2013 Entrada de alimenta\u00e7\u00e3o full range (90 a 240 VCA).<br \/>\n\u2013 Consumo 25 W (em espera) e 300 W (em funcionamento).<\/p>\n<p>\u2013 Pictograma superior com LED RGB de alto brilho com controle de brilho individual para<br \/>\ncada cor.<br \/>\n\u2013 Pictograma frontal com LEDs bicolores com controle de brilho individual para cada cor.<br \/>\n\u2013 Controle de passagem realizado por 10 sensores infravermelhos.<br \/>\n\u2013 Configura\u00e7\u00e3o das portas para aberturas de at\u00e9 1,10 m.<\/p>\n<\/div>\n<h3 id=\"feature-title-2\" class=\"feature-title\">Op\u00e7\u00f5es de Controle<\/h3>\n<div class=\"conteudo\">\n<p>\u2013 Placa controladora de acesso modelo MCA \u2013 TCP\/IP.<br \/>\n\u2013 Leitor c\u00f3digo de barras com fenda para passagem de crach\u00e1.<br \/>\n\u2013 Leitor de c\u00f3digo de barras com multifeixe \u2013 aproxima\u00e7\u00e3o do ingresso.<br \/>\n\u2013 Leitor de c\u00f3digo 2D (bidimensional).<br \/>\n\u2013 Leitor proximidade Wiegand\/Abatrack \u2013 HID\/Indala\/Acura.<br \/>\n\u2013 Leitor Mifare.<br \/>\n\u2013 Leitor biom\u00e9trico.<\/p>\n<h3 id=\"feature-title-1\" class=\"feature-title\">Opcionais<\/h3>\n<div class=\"conteudo\">\n<p>\u2013 Cofre coletor de cart\u00f5es.<\/p>\n<\/div>\n<\/div>\n","protected":false},"excerpt":{"rendered":"<p>Equipamento de controle de acesso de portas pivotantes e com flexibilidade de configura\u00e7\u00e3o. Oferece maior conforto de passagem devido ao movimento das portas que direciona o fluxo conforme o sentido de abertura.<\/p>\n<p>Bloqueio de acesso tipo\u00a0<i>gate\u00a0<\/i>com portas\u00a0pivotantes e configur\u00e1veis. Uma solu\u00e7\u00e3o pensada nos m\u00ednimos detalhes para trazer inova\u00e7\u00e3o, qualidade e design ao mercado de controle de acesso. O dGate oferece conforto, sofistica\u00e7\u00e3o e seguran\u00e7a ao usu\u00e1rio.<\/p>\n","protected":false},"featured_media":322,"template":"","meta":{"_joinchat":[]},"product_cat":[24,19],"product_tag":[],"class_list":{"0":"post-296","1":"product","2":"type-product","3":"status-publish","4":"has-post-thumbnail","6":"product_cat-catracas-de-acesso","7":"product_cat-controle-de-acesso","9":"first","10":"instock","11":"shipping-taxable","12":"purchasable","13":"product-type-simple"},"_links":{"self":[{"href":"https:\/\/acessopontotech.com.br\/index.php\/wp-json\/wp\/v2\/product\/296","targetHints":{"allow":["GET"]}}],"collection":[{"href":"https:\/\/acessopontotech.com.br\/index.php\/wp-json\/wp\/v2\/product"}],"about":[{"href":"https:\/\/acessopontotech.com.br\/index.php\/wp-json\/wp\/v2\/types\/product"}],"version-history":[{"count":0,"href":"https:\/\/acessopontotech.com.br\/index.php\/wp-json\/wp\/v2\/product\/296\/revisions"}],"wp:featuredmedia":[{"embeddable":true,"href":"https:\/\/acessopontotech.com.br\/index.php\/wp-json\/wp\/v2\/media\/322"}],"wp:attachment":[{"href":"https:\/\/acessopontotech.com.br\/index.php\/wp-json\/wp\/v2\/media?parent=296"}],"wp:term":[{"taxonomy":"product_cat","embeddable":true,"href":"https:\/\/acessopontotech.com.br\/index.php\/wp-json\/wp\/v2\/product_cat?post=296"},{"taxonomy":"product_tag","embeddable":true,"href":"https:\/\/acessopontotech.com.br\/index.php\/wp-json\/wp\/v2\/product_tag?post=296"}],"curies":[{"name":"wp","href":"https:\/\/api.w.org\/{rel}","templated":true}]}}