{"id":32,"date":"2020-12-18T13:00:57","date_gmt":"2020-12-18T16:00:57","guid":{"rendered":"http:\/\/acessopontotech.com.br\/index.php\/product\/import-placeholder-for-426\/"},"modified":"2020-12-18T13:01:50","modified_gmt":"2020-12-18T16:01:50","slug":"bobina-termica-relogio-de-ponto-homologado-rep","status":"publish","type":"product","link":"https:\/\/acessopontotech.com.br\/index.php\/product\/bobina-termica-relogio-de-ponto-homologado-rep\/","title":{"rendered":"BOBINA T\u00c9RMICA &#8211; REL\u00d3GIO DE PONTO HOMOLOGADO REP"},"content":{"rendered":"<p>CARACTER\u00cdSTICAS GERAIS:<br \/>\n&#8211; Largura: 57mm<br \/>\n&#8211; Comprimento: 300 metros<br \/>\n&#8211; Gramatura: 56 g\/m\u00b2<br \/>\n&#8211; Espessura: 60 micras<br \/>\n&#8211; Cor: Amarelo Palha<br \/>\n&#8211; Impress\u00f5es que duram 5 anos em m\u00e9dia desde que observado as<br \/>\n&#8211; Papel Termosens\u00edvel, Termoscript KPH 856 AM<\/p>\n<p>COMPATIVEL COM VARIOS REL\u00d3GIOS REP HOMOLOGADOS:<br \/>\n&#8211; DIMEP: Print Point Ii<br \/>\n&#8211; DIXI: IREP IDNOX<br \/>\n&#8211; HENRY: Prisma Super F\u00e1cil Adv R2\/ Advanced Hexa B \/Primme\/ Hexa Adv B<br \/>\n&#8211; MADIS: MD REP EVO EC<br \/>\n&#8211; CONTROL ID: Rep IDClass 373\/ Orion 6 Prisma\/ REP IDx<br \/>\n&#8211; PROVEU: Kurumin Rep2 \/Rep3 Bio<br \/>\n&#8211; RW TECH: IPOINTLINE BIOPROX-C<br \/>\n&#8211; TOPDATA: Inner REP Plus<br \/>\n&#8211; TRIX: BIO REP-200<\/p>\n","protected":false},"excerpt":{"rendered":"<p>Bobina T\u00e9rmica para Rel\u00f3gio de Ponto Eletr\u00f4nico (REP), medindo 57mm de largura e 300 metros de comprimento, em papel t\u00e9rmico com capacidade de preservar a impress\u00e3o por no m\u00ednimo 5 anos, conforme especificado na Portaria 1.510 do Minist\u00e9rio do Trabalho e Emprego (MTE). \u00c9 poss\u00edvel emitir mais de 8.500 comprovantes nos rel\u00f3gios que emitem tickets com at\u00e9 3,5 cm de comprimento, e mais de 6.000 comprovantes nos equipamentos que emitem tickets com 5 cm de comprimento (dependendo do uso).<\/p>\n","protected":false},"featured_media":80,"template":"","meta":{"_joinchat":[]},"product_cat":[18,16],"product_tag":[],"class_list":{"0":"post-32","1":"product","2":"type-product","3":"status-publish","4":"has-post-thumbnail","6":"product_cat-acessorios","7":"product_cat-controle-de-ponto","9":"first","10":"instock","11":"shipping-taxable","12":"purchasable","13":"product-type-simple"},"_links":{"self":[{"href":"https:\/\/acessopontotech.com.br\/index.php\/wp-json\/wp\/v2\/product\/32","targetHints":{"allow":["GET"]}}],"collection":[{"href":"https:\/\/acessopontotech.com.br\/index.php\/wp-json\/wp\/v2\/product"}],"about":[{"href":"https:\/\/acessopontotech.com.br\/index.php\/wp-json\/wp\/v2\/types\/product"}],"version-history":[{"count":0,"href":"https:\/\/acessopontotech.com.br\/index.php\/wp-json\/wp\/v2\/product\/32\/revisions"}],"wp:featuredmedia":[{"embeddable":true,"href":"https:\/\/acessopontotech.com.br\/index.php\/wp-json\/wp\/v2\/media\/80"}],"wp:attachment":[{"href":"https:\/\/acessopontotech.com.br\/index.php\/wp-json\/wp\/v2\/media?parent=32"}],"wp:term":[{"taxonomy":"product_cat","embeddable":true,"href":"https:\/\/acessopontotech.com.br\/index.php\/wp-json\/wp\/v2\/product_cat?post=32"},{"taxonomy":"product_tag","embeddable":true,"href":"https:\/\/acessopontotech.com.br\/index.php\/wp-json\/wp\/v2\/product_tag?post=32"}],"curies":[{"name":"wp","href":"https:\/\/api.w.org\/{rel}","templated":true}]}}