{"id":39,"date":"2020-12-18T13:00:58","date_gmt":"2020-12-18T16:00:58","guid":{"rendered":"http:\/\/acessopontotech.com.br\/index.php\/product\/import-placeholder-for-450\/"},"modified":"2020-12-18T13:02:03","modified_gmt":"2020-12-18T16:02:03","slug":"cartucho-usb-para-relogio-de-ponto-e-catracas-de-1mb-a-8mb","status":"publish","type":"product","link":"https:\/\/acessopontotech.com.br\/index.php\/product\/cartucho-usb-para-relogio-de-ponto-e-catracas-de-1mb-a-8mb\/","title":{"rendered":"CARTUCHO USB &#8211; PARA REL\u00d3GIO DE PONTO E CATRACAS &#8211; DE 1MB A 8MB"},"content":{"rendered":"<div id=\"lista-caract-prod\">\n<p><strong>Operacional<\/strong><\/p>\n<p><span class=\"style1\">Comunica\u00e7\u00e3o:<\/span> Por meio da porta USB.<br \/>\n<span class=\"style1\">Tempo de reten\u00e7\u00e3o dos dados:<\/span> Superior a 200 anos.<br \/>\n<span class=\"style1\">Op\u00e7\u00f5es da mem\u00f3ria: <\/span>1M, 2M ou 8M.<br \/>\n<span class=\"style1\">Acesso aos dados: <\/span>Os dados gravados no cartucho s\u00e3o criptografados e podem ser acessados somente pelos aplicativos fornecidos pela Henry.<br \/>\n<span class=\"style1\">Remo\u00e7\u00e3o segura: <\/span>Os aplicativos de acesso ao cartucho fornecidos pela Henry cont\u00e9m um recurso para remover de forma segura o cartucho do computador, esse recurso deve ser utilizado para evitar danos ao cartucho.<br \/>\n<span class=\"style1\">Cuidado com quedas: <\/span>O equipamento \u00e9 composto por componentes sens\u00edveis, as quedas devem ser evitadas para que o cartucho n\u00e3o seja danificado.<\/p>\n<p><strong>\u00a0El\u00e9trica<\/strong><\/p>\n<p><span class=\"style1\">Consumo de corrente : <\/span>7,5 mA.<br \/>\n<span class=\"style1\">Tens\u00e3o de opera\u00e7\u00e3o : <\/span>5 Vdc.<\/p>\n<p><strong>\u00a0Ambiente<\/strong><\/p>\n<p><span class=\"style1\">Temperatura de Opera\u00e7\u00e3o:<\/span> -15\u00baC a 55\u00baC (sem condensa\u00e7\u00e3o).<\/p>\n<\/div>\n<div><span class=\"style1\">Temperatura para Estocagem:<\/span> -20\u00baC a 60\u00baC.<\/div>\n<div><span class=\"style1\">Faixa de umidade para funcionamento:<\/span> 0% a 95%.<\/div>\n<div>\n<p><span class=\"style1\">N\u00edvel aceit\u00e1vel de luz para funcionamento:<\/span> 3000 lux.<strong>\u00a0Mec\u00e2nica<\/strong><\/p>\n<p><span class=\"style1\">Altura: <\/span>68,5 mm.<\/p>\n<\/div>\n<div><span class=\"style1\">Largura da base: <\/span>33,5 mm.<\/div>\n<div><span class=\"style1\">Espessura:<\/span> 12 mm.<\/div>\n<div><span class=\"style1\">Peso:<\/span> 20 g.<\/div>\n","protected":false},"excerpt":{"rendered":"<p>Operacional Comunica\u00e7\u00e3o: Por meio da porta USB. Tempo de reten\u00e7\u00e3o dos dados: Superior a 200 anos. Op\u00e7\u00f5es da mem\u00f3ria: 1M, 2M ou 8M. Acesso aos dados: Os dados gravados no cartucho s\u00e3o criptografados e podem ser acessados somente pelos aplicativos fornecidos pela Henry. Remo\u00e7\u00e3o segura: Os aplicativos de acesso ao cartucho fornecidos pela Henry cont\u00e9m [&hellip;]<\/p>\n","protected":false},"featured_media":97,"template":"","meta":{"_joinchat":[]},"product_cat":[18,16],"product_tag":[],"class_list":{"0":"post-39","1":"product","2":"type-product","3":"status-publish","4":"has-post-thumbnail","6":"product_cat-acessorios","7":"product_cat-controle-de-ponto","9":"first","10":"instock","11":"shipping-taxable","12":"purchasable","13":"product-type-simple"},"_links":{"self":[{"href":"https:\/\/acessopontotech.com.br\/index.php\/wp-json\/wp\/v2\/product\/39","targetHints":{"allow":["GET"]}}],"collection":[{"href":"https:\/\/acessopontotech.com.br\/index.php\/wp-json\/wp\/v2\/product"}],"about":[{"href":"https:\/\/acessopontotech.com.br\/index.php\/wp-json\/wp\/v2\/types\/product"}],"version-history":[{"count":0,"href":"https:\/\/acessopontotech.com.br\/index.php\/wp-json\/wp\/v2\/product\/39\/revisions"}],"wp:featuredmedia":[{"embeddable":true,"href":"https:\/\/acessopontotech.com.br\/index.php\/wp-json\/wp\/v2\/media\/97"}],"wp:attachment":[{"href":"https:\/\/acessopontotech.com.br\/index.php\/wp-json\/wp\/v2\/media?parent=39"}],"wp:term":[{"taxonomy":"product_cat","embeddable":true,"href":"https:\/\/acessopontotech.com.br\/index.php\/wp-json\/wp\/v2\/product_cat?post=39"},{"taxonomy":"product_tag","embeddable":true,"href":"https:\/\/acessopontotech.com.br\/index.php\/wp-json\/wp\/v2\/product_tag?post=39"}],"curies":[{"name":"wp","href":"https:\/\/api.w.org\/{rel}","templated":true}]}}