{"id":7126,"date":"2022-05-01T12:13:31","date_gmt":"2022-05-01T15:13:31","guid":{"rendered":"https:\/\/acessopontotech.com.br\/?post_type=product&#038;p=7126"},"modified":"2022-05-01T12:13:31","modified_gmt":"2022-05-01T15:13:31","slug":"catraca-eletronica-revolution","status":"publish","type":"product","link":"https:\/\/acessopontotech.com.br\/index.php\/product\/catraca-eletronica-revolution\/","title":{"rendered":"Catraca Eletr\u00f4nica Revolution"},"content":{"rendered":"<p>A\u00a0<strong>catraca eletr\u00f4nica<\/strong>\u00a0Revolution\u00a0alia forma e conte\u00fado, um produto que agrada tanto pelo design quanto pela tecnologia. Al\u00e9m de apresentar um alto padr\u00e3o de acabamento com painel em a\u00e7o inoxid\u00e1vel a Revolution oferece avan\u00e7ados recursos tecnol\u00f3gicos para controle de acesso.<\/p>\n<p>&nbsp;<\/p>\n<h2>Revolution, a catraca eletr\u00f4nica que une design e qualidade pelo melhor pre\u00e7o.<\/h2>\n","protected":false},"excerpt":{"rendered":"<p>A\u00a0<strong>catraca eletr\u00f4nica<\/strong>\u00a0Revolution\u00a0alia forma e conte\u00fado, um produto que agrada tanto pelo design quanto pela tecnologia. Al\u00e9m de apresentar um alto padr\u00e3o de acabamento com painel em a\u00e7o inoxid\u00e1vel a Revolution oferece avan\u00e7ados recursos tecnol\u00f3gicos para controle de acesso.<\/p>\n<p>&nbsp;<\/p>\n<h2>Revolution, a catraca eletr\u00f4nica que une design e qualidade pelo melhor pre\u00e7o.<\/h2>\n","protected":false},"featured_media":7132,"template":"","meta":{"_joinchat":[]},"product_cat":[24,19],"product_tag":[],"class_list":{"0":"post-7126","1":"product","2":"type-product","3":"status-publish","4":"has-post-thumbnail","6":"product_cat-catracas-de-acesso","7":"product_cat-controle-de-acesso","9":"first","10":"instock","11":"shipping-taxable","12":"purchasable","13":"product-type-simple"},"_links":{"self":[{"href":"https:\/\/acessopontotech.com.br\/index.php\/wp-json\/wp\/v2\/product\/7126","targetHints":{"allow":["GET"]}}],"collection":[{"href":"https:\/\/acessopontotech.com.br\/index.php\/wp-json\/wp\/v2\/product"}],"about":[{"href":"https:\/\/acessopontotech.com.br\/index.php\/wp-json\/wp\/v2\/types\/product"}],"version-history":[{"count":1,"href":"https:\/\/acessopontotech.com.br\/index.php\/wp-json\/wp\/v2\/product\/7126\/revisions"}],"predecessor-version":[{"id":7133,"href":"https:\/\/acessopontotech.com.br\/index.php\/wp-json\/wp\/v2\/product\/7126\/revisions\/7133"}],"wp:featuredmedia":[{"embeddable":true,"href":"https:\/\/acessopontotech.com.br\/index.php\/wp-json\/wp\/v2\/media\/7132"}],"wp:attachment":[{"href":"https:\/\/acessopontotech.com.br\/index.php\/wp-json\/wp\/v2\/media?parent=7126"}],"wp:term":[{"taxonomy":"product_cat","embeddable":true,"href":"https:\/\/acessopontotech.com.br\/index.php\/wp-json\/wp\/v2\/product_cat?post=7126"},{"taxonomy":"product_tag","embeddable":true,"href":"https:\/\/acessopontotech.com.br\/index.php\/wp-json\/wp\/v2\/product_tag?post=7126"}],"curies":[{"name":"wp","href":"https:\/\/api.w.org\/{rel}","templated":true}]}}