{"id":7151,"date":"2022-05-13T10:24:26","date_gmt":"2022-05-13T13:24:26","guid":{"rendered":"https:\/\/acessopontotech.com.br\/?post_type=product&#038;p=7151"},"modified":"2022-05-13T10:24:26","modified_gmt":"2022-05-13T13:24:26","slug":"catraca-comanda","status":"publish","type":"product","link":"https:\/\/acessopontotech.com.br\/index.php\/product\/catraca-comanda\/","title":{"rendered":"CATRACA COMANDA"},"content":{"rendered":"<p><b class=\"hp\">Lumen Comanda<\/b><\/p>\n<p>Desenvolvida especialmente para restaurantes, panificadoras, lanchonetes e lojas de conveni\u00eancia, a catraca Lumen Comanda facilita o controle de consumo destes estabelecimentos tornando o processo mais r\u00e1pido, pr\u00e1tico e econ\u00f4mico. Seu sistema impressor ou expedidor libera o acesso somente ap\u00f3s retirada da comanda e seu sistema de seguran\u00e7a sinaliza a libera\u00e7\u00e3o ou n\u00e3o do acesso atrav\u00e9s de indicador sonoro e visual (LED). Al\u00e9m de proporcionar economia ao estabelecimento dispensando a necessidade de um funcion\u00e1rio para controlar o acesso e a entrega de comandas, seu design sofisticado permite que a catraca se adapte a qualquer tipo de ambiente. A catraca Lumen Comanda est\u00e1 dispon\u00edvel em dois modelos: comanda impressa ou em PVC.<\/p>\n","protected":false},"excerpt":{"rendered":"<p><b class=\"hp\">Lumen Comanda<\/b><\/p>\n<p>Desenvolvida especialmente para restaurantes, panificadoras, lanchonetes e lojas de conveni\u00eancia, a catraca Lumen Comanda facilita o controle de consumo destes estabelecimentos tornando o processo mais r\u00e1pido, pr\u00e1tico e econ\u00f4mico. Seu sistema impressor ou expedidor libera o acesso somente ap\u00f3s retirada da comanda e seu sistema de seguran\u00e7a sinaliza a libera\u00e7\u00e3o ou n\u00e3o do acesso atrav\u00e9s de indicador sonoro e visual (LED). Al\u00e9m de proporcionar economia ao estabelecimento dispensando a necessidade de um funcion\u00e1rio para controlar o acesso e a entrega de comandas, seu design sofisticado permite que a catraca se adapte a qualquer tipo de ambiente. A catraca Lumen Comanda est\u00e1 dispon\u00edvel em dois modelos: comanda impressa ou em PVC.<\/p>\n","protected":false},"featured_media":7153,"template":"","meta":{"_joinchat":[]},"product_cat":[24,15],"product_tag":[],"class_list":{"0":"post-7151","1":"product","2":"type-product","3":"status-publish","4":"has-post-thumbnail","6":"product_cat-catracas-de-acesso","7":"product_cat-uncategorized","9":"first","10":"instock","11":"shipping-taxable","12":"purchasable","13":"product-type-simple"},"_links":{"self":[{"href":"https:\/\/acessopontotech.com.br\/index.php\/wp-json\/wp\/v2\/product\/7151","targetHints":{"allow":["GET"]}}],"collection":[{"href":"https:\/\/acessopontotech.com.br\/index.php\/wp-json\/wp\/v2\/product"}],"about":[{"href":"https:\/\/acessopontotech.com.br\/index.php\/wp-json\/wp\/v2\/types\/product"}],"version-history":[{"count":1,"href":"https:\/\/acessopontotech.com.br\/index.php\/wp-json\/wp\/v2\/product\/7151\/revisions"}],"predecessor-version":[{"id":7155,"href":"https:\/\/acessopontotech.com.br\/index.php\/wp-json\/wp\/v2\/product\/7151\/revisions\/7155"}],"wp:featuredmedia":[{"embeddable":true,"href":"https:\/\/acessopontotech.com.br\/index.php\/wp-json\/wp\/v2\/media\/7153"}],"wp:attachment":[{"href":"https:\/\/acessopontotech.com.br\/index.php\/wp-json\/wp\/v2\/media?parent=7151"}],"wp:term":[{"taxonomy":"product_cat","embeddable":true,"href":"https:\/\/acessopontotech.com.br\/index.php\/wp-json\/wp\/v2\/product_cat?post=7151"},{"taxonomy":"product_tag","embeddable":true,"href":"https:\/\/acessopontotech.com.br\/index.php\/wp-json\/wp\/v2\/product_tag?post=7151"}],"curies":[{"name":"wp","href":"https:\/\/api.w.org\/{rel}","templated":true}]}}