{"id":85,"date":"2020-12-18T13:01:59","date_gmt":"2020-12-18T16:01:59","guid":{"rendered":"http:\/\/acessopontotech.com.br\/index.php\/product\/import-placeholder-for-607\/"},"modified":"2020-12-18T13:02:38","modified_gmt":"2020-12-18T16:02:38","slug":"cracha-ou-cartao-de-acesso-personalizado","status":"publish","type":"product","link":"https:\/\/acessopontotech.com.br\/index.php\/product\/cracha-ou-cartao-de-acesso-personalizado\/","title":{"rendered":"CRACH\u00c1 OU CART\u00c3O DE ACESSO \u2013 PERSONALIZADO"},"content":{"rendered":"<p>Fornecemos em qualquer quantidade, acima de 20 unidades a arte \u00e9 por nossa conta!<\/p>\n","protected":false},"excerpt":{"rendered":"<p class=\"category-description\">A Soltech ID, faz com excel\u00eancia toda parte de identifica\u00e7\u00e3o atrav\u00e9s de cart\u00f5es e crach\u00e1s em PVC feitos com a mais alta qualidade de impress\u00e3o.<\/p>\n<p class=\"category-description\">\n","protected":false},"featured_media":145,"template":"","meta":{"_joinchat":[]},"product_cat":[20,19,21],"product_tag":[],"class_list":{"0":"post-85","1":"product","2":"type-product","3":"status-publish","4":"has-post-thumbnail","6":"product_cat-acessorios-controle-de-acesso","7":"product_cat-controle-de-acesso","8":"product_cat-crachas-e-identificacao","10":"first","11":"instock","12":"shipping-taxable","13":"purchasable","14":"product-type-simple"},"_links":{"self":[{"href":"https:\/\/acessopontotech.com.br\/index.php\/wp-json\/wp\/v2\/product\/85","targetHints":{"allow":["GET"]}}],"collection":[{"href":"https:\/\/acessopontotech.com.br\/index.php\/wp-json\/wp\/v2\/product"}],"about":[{"href":"https:\/\/acessopontotech.com.br\/index.php\/wp-json\/wp\/v2\/types\/product"}],"version-history":[{"count":0,"href":"https:\/\/acessopontotech.com.br\/index.php\/wp-json\/wp\/v2\/product\/85\/revisions"}],"wp:featuredmedia":[{"embeddable":true,"href":"https:\/\/acessopontotech.com.br\/index.php\/wp-json\/wp\/v2\/media\/145"}],"wp:attachment":[{"href":"https:\/\/acessopontotech.com.br\/index.php\/wp-json\/wp\/v2\/media?parent=85"}],"wp:term":[{"taxonomy":"product_cat","embeddable":true,"href":"https:\/\/acessopontotech.com.br\/index.php\/wp-json\/wp\/v2\/product_cat?post=85"},{"taxonomy":"product_tag","embeddable":true,"href":"https:\/\/acessopontotech.com.br\/index.php\/wp-json\/wp\/v2\/product_tag?post=85"}],"curies":[{"name":"wp","href":"https:\/\/api.w.org\/{rel}","templated":true}]}}